 16. Calculate l(0).
-16
Let q(f) = -3003*f - 34387. What is q(-10)?
-4357
Let y(o) = -24*o**2 - 109*o - 674. What is y(-9)?
-1637
Let y(g) = -2*g**3 + 252*g**2 - 6258*g + 210. What is y(92)?
26
Let w(u) = -13*u**2 - 320*u + 1081. What is w(-28)?
-151
Let h(w) = -3*w**2 + 1771*w - 204060. Determine h(157).
40
Let h(k) = 2*k**3 + 69*k**2 + 37*k + 312. Determine h(-34).
210
Let z(n) = -n**3 + 7*n**2 + 489*n + 2725. Give z(28).
-47
Let h(p) = -578*p + 1721. Give h(3).
-13
Let d(r) = 2*r**2 - 1627*r - 43501. What is d(-27)?
1886
Let y(u) = -219*u - 10651. Give y(-49).
80
Let j(p) = -24*p**2 - 127*p - 277. What is j(-8)?
-797
Let p(i) = 2*i**3 + 20*i**2 - 62*i + 381. Calculate p(-13).
173
Let j(l) = l**3 - 36*l**2 + 178*l - 143. Give j(32).
1457
Let v(j) = j**3 + 5*j**2 + 55*j + 329. Determine v(-7).
-154
Let m(c) = 4*c**2 - 24566*c - 172150. What is m(-7)?
8
Let f(o) = -8*o**2 - 19050*o + 76339. Determine f(4).
11
Let j(o) = 85330*o - 1279948. Give j(15).
2
Let t(h) = -36134*h + 146100. Give t(4).
1564
Let y(r) = 15*r**2 + 750*r - 841. Give y(-51).
-76
Let k(w) = w**2 - 5509*w + 21988. Determine k(4).
-32
Let x(s) = 280*s**2 + 18472*s - 168. Give x(-66).
360
Let o(u) = u**3 - 2*u**2 - 79*u - 403. What is o(10)?
-393
Let z(u) = 23*u**2 - 3484*u + 66724. Give z(129).
31
Let t(a) = -1506*a + 39149. Determine t(26).
-7
Let s(d) = -48*d**2 - 17214*d - 10756. Calculate s(-358).
-16
Let t(o) = 11028*o + 6705014. Determine t(-608).
-10
Let d(n) = -4*n**3 - 3*n**2 + 37*n + 293. What is d(-6)?
827
Let n(y) = 307*y - 575. Give n(-6).
-2417
Let a(g) = -g**3 - 29*g**2 - 74*g - 540. What is a(-27)?
0
Let g(p) = 60*p**2 - 13705*p + 19309. What is g(227)?
14
Let u(c) = -9*c**2 + 3987*c - 38971. Calculate u(10).
-1
Let d(p) = -256*p - 41446. Calculate d(-162).
26
Let j(b) = -b**3 + 27*b**2 + 458*b - 5102. What is j(10)?
1178
Let g(f) = 78*f**2 + 1392*f - 230. What is g(-18)?
-14
Let w(x) = x**3 + 71*x**2 + 1843*x + 130860. Determine w(-71).
7
Let k(w) = 20*w**2 - 220*w - 1060. Determine k(15).
140
Let c(i) = -2*i**2 + 44655*i + 89316. Determine c(-2).
-2
Let y(d) = 166*d**3 - 11624*d**2 + 262*d + 1258. Give y(70).
-2
Let c(b) = -b**3 - 29*b**2 - 24*b + 50. What is c(-26)?
-1354
Let w(s) = 7*s**3 + 4328*s**2 + 9857*s + 612. Give w(-616).
-4
Let n(f) = -f**3 + 3*f**2 - 21*f + 487. What is n(10)?
-423
Let h(g) = -g**3 + 14*g**2 + 276*g - 2263. Determine h(22).
-63
Let p(x) = x**2 + 319*x + 10332. Determine p(-37).
-102
Let r(w) = -228*w**2 - 2031*w + 250. Calculate r(-9).
61
Let k(f) = f**3 + 6209*f**2 + 31039*f + 89. Calculate k(-5).
-6
Let s(i) = 66611*i + 599514. What is s(-9)?
15
Let a(b) = -893*b - 133981. Calculate a(-150).
-31
Let z(r) = 857*r - 85791. What is z(100)?
-91
Let y(t) = -t**3 - 353*t**2 + 83*t + 29392. Calculate y(-353).
93
Let f(d) = -d**3 - 6*d**2 + 652*d - 172. Determine f(-29).
263
Let x(q) = -1854*q - 140927. Determine x(-76).
-23
Let g(x) = x**2 + 64*x - 5022. Determine g(46).
38
Let t(h) = -500*h + 44770. Determine t(88).
770
Let i(r) = r**3 - 247*r**2 + 967*r + 1203. Calculate i(243).
-12
Let r(s) = s**3 - 60*s**2 - 3293*s + 1136. Give r(-35).
16
Let y(f) = 6477*f - 77717. Determine y(12).
7
Let w(f) = f**2 - 271*f + 3997. What is w(15)?
157
Let h(j) = -452*j**2 - 899*j - 25. Determine h(-2).
-35
Let u(p) = 5764*p - 132626. Determine u(23).
-54
Let h(m) = -m**3 - 11*m**2 + 50*m - 160. Calculate h(-15).
-10
Let l(g) = 2*g**2 - 132*g + 1497. Determine l(13).
119
Let c(o) = -6*o**2 - 24*o - 404. What is c(-9)?
-674
Let o(g) = -g**3 + 21*g**2 + 61*g - 1060. Determine o(6).
-154
Let i(b) = -b**3 - 108*b**2 - 2876*b - 635. Calculate i(-61).
-86
Let b(o) = -2401*o - 161074. Determine b(-67).
-207
Let b(y) = 602*y**2 - 7925*y + 1298. Determine b(13).
11
Let n(h) = -5*h**2 + 915*h + 1631. Calculate n(186).
-1159
Let o(k) = -251*k - 19377. What is o(-83)?
1456
Let s(j) = -j**2 + 67546*j - 202617. Calculate s(3).
12
Let b(i) = 68835*i - 7227627. What is b(105)?
48
Let m(s) = -s**3 + 686*s**2 - 19049*s - 2629. Calculate m(657).
-1
Let v(t) = -t**3 + 506*t**2 - 572*t + 33808. Determine v(505).
-27
Let z(m) = -m**3 - 6*m**2 + 208*m + 1664. Give z(-10).
-16
Let h(b) = -355*b**2 + 291106*b - 4925. What is h(820)?
-5
Let f(n) = -132*n + 6601. What is f(50)?
1
Let p(h) = h**3 - 450*h**2 - 836*h + 124. Calculate p(-2).
-12
Let x(c) = -110*c + 23087. Calculate x(219).
-1003
Let l(j) = -1122*j + 124152. What is l(110)?
732
Let y(b) = b**3 - 300*b**2 + 1844*b - 478. Give y(6).
2
Let p(s) = -1390*s + 115368. Determine p(83).
-2
Let m(f) = -f**2 + 474*f + 30501. Give m(-57).
234
Let g(j) = j**3 - 26*j**2 + 53*j - 266. Determine g(21).
-1358
Let j(m) = 2580*m + 92905. Give j(-36).
25
Let b(a) = -5929*a + 41472. What is b(7)?
-31
Let v(z) = -217*z**2 + 861*z - 65. Calculate v(4).
-93
Let d(z) = 471032*z + 34856366. Give d(-74).
-2
Let k(i) = 685128*i - 685068. Calculate k(1).
60
Let n(z) = 250*z - 26121. What is n(104)?
-121
Let a(i) = -20707*i + 890373. Determine a(43).
-28
Let u(k) = 271*k**2 - 320*k - 18. Give u(2).
426
Let h(p) = 13786*p - 13405. Determine h(1).
381
Let i(h) = -180976*h - 4162443. What is i(-23)?
5
Let x(f) = 908*f + 114075. Determine x(-126).
-333
Let f(v) = 1916*v - 95734. Determine f(50).
66
Let v(d) = 3*d**2 - 210*d - 9751. What is v(103)?
446
Let v(n) = -159*n + 9636. Calculate v(59).
255
Let a(o) = -33*o**3 + 16*o**2 + 694*o - 1389. What is a(2)?
-201
Let h(f) = -708*f - 26119. Give h(-37).
77
Let p(l) = -2*l**2 - 198*l - 3716. Determine p(-74).
-16
Let z(i) = -23*i**2 + 1646*i - 29044. Determine z(40).
-4
Let m(k) = -601*k**2 + 3*k + 28. Give m(0).
28
Let c(l) = -116*l**2 + 9627*l - 13. Calculate c(83).
-96
Let m(c) = -4*c**3 - 198*c**2 - 473*c - 164. Give m(-47).
-23
Let j(r) = 2*r**2 - 130*r + 2. Calculate j(8).
-910
Let b(p) = -229*p**2 - 11681*p - 101. Give b(-51).
1
Let s(n) = -n**3 + 86*n**2 + 1037*n - 28. What is s(97)?
-2938
Let x(p) = -1626698*p - 14640288. Give x(-9).
-6
Let n(b) = -7*b**2 + 256*b - 190. Calculate n(36).
-46
Let y(n) = 3*n**2 + 44963*n - 134914. Give y(3).
2
Let m(p) = -5*p**2 + 2239*p - 159676. Determine m(89).
-10
Let a(z) = z**2 - 595*z - 2438. Calculate a(-4).
-42
Let a(p) = 50*p - 4693. Give a(89).
-243
Let l(k) = 32630*k + 65232. Determine l(-2).
-28
Let m(h) = 900*h**2 + 76*h - 152. Calculate m(2).
3600
Let h(z) = -z**2 + 4332*z + 219106. What is h(-50)?
6
Let o(l) = -122250*l - 978273. Calculate o(-8).
-273
Let n(b) = 437*b + 46957. Calculate n(-108).
-239
Let q(u) = -3*u**2 + 40444*u - 161713. What is q(4)?
15
Let s(j) = -13257*j + 7291332. Determine s(550).
-18
Let p(d) = 2*d**3 + 770*d**2 - 1044*d - 105044. What is p(-386)?
-52
Let u(y) = -125*y**2 + 1574*y + 660. Determine u(13).
-3
Let o(n) = 2*n**3 - 362*n**2 + 504*n - 157970. Give o(182).
6
Let j(z) = -23602*z + 2124228. Determine j(90).
48
Let t(k) = -3*k**3 - 71*k**2 - 73*k - 2171. Give t(-23).
-1550
Let k(h) = 14*h**3 - 7816*h**2 + 2249*h - 9463. Determine k(558).
23
Let l(s) = s**3 + 4*s**2 - 162*s + 198. What is l(10)?
-22
Let p(o) = -o**3 - 1424*o**2 - 5743*o - 89446. Determine p(-1420).
14
Let j(u) = -32*u**2 + 8726*u - 401890. Calculate j(214).
2
Let q(y) = y**3 - 7*y**2 - 1137*y - 5602. Calculate q(-5).
-217
Let w(l) = 9*l**2 + 113*l - 3. What is w(-13)?
49
Let a(r) = 2*r**2 + 3750*r + 767829. What is a(-234)?
-159
Let i(c) = -199*c**2 + 3127*c - 147. Give i(16).
-1059
Let b(v) = 595*v**2 - 54140*v - 468. What is b(91)?
-13
Let q(k) = 3*k**2 - 1928*k - 73290. Give q(-36).
6
Let y(n) = 95*n**2 + 30216*n - 30215. What is y(1)?
96
Let a(z) = 89*z**2 + 176*z + 286. Determine a(-2).
290
Let i(k) = k**3 + 50*k**2 - 233*k + 742. What is i(-55)?
-1568
Let h(m) = -522*m + 17745. Give h(34).
-3
Let i(m) = m**3 + 78*m**2 - 863*m - 42. Determine i(10).
128
Let u(l) = l**2 + 20736*l - 373573. Determine u(18).
-1
Let d(o) = -9389*o - 84494. Determine d(-9).
7
Let r(n) = -201*n + 5358. Calculate r(34).
-1476
Let z(x) = -107067*x - 1177794. What is z(-11)?
-57
Let r(c) = 33*c**2 - 174*c + 19. Calculate r(2).
-197
Let s(h) = 216*h**2 - 1629*h - 2802. Give s(9).
33
Let s(x) = -167019*x - 33236787. Calculate s(-199).
-6
Let c(r) = -r**3 - 169*r**2 - 7242*r - 17059. Calculate c(-73).
23
Let x(h) = 128*h**3 - 5377*h**2 + 51*h - 357. Give x(42).
21
Let w